{"id":325,"date":"2021-06-30T16:23:39","date_gmt":"2021-06-30T21:23:39","guid":{"rendered":"https:\/\/mexicanadeaditivos.com.mx\/index1.php\/?page_id=325"},"modified":"2026-04-22T17:34:17","modified_gmt":"2026-04-22T23:34:17","slug":"politica-de-inocuidad","status":"publish","type":"page","link":"https:\/\/www.mexicanadeaditivos.com.mx\/index.php\/politica-de-inocuidad\/","title":{"rendered":"Pol\u00edtica de Inocuidad"},"content":{"rendered":"\t\t<div data-elementor-type=\"wp-page\" data-elementor-id=\"325\" class=\"elementor elementor-325\" data-elementor-settings=\"[]\">\n\t\t\t\t\t\t\t<div class=\"elementor-section-wrap\">\n\t\t\t\t\t\t\t<section class=\"elementor-section elementor-top-section elementor-element elementor-element-f9ae2c6 elementor-section-height-min-height elementor-section-content-middle elementor-section-full_width elementor-section-stretched elementor-section-height-default elementor-section-items-middle\" data-id=\"f9ae2c6\" data-element_type=\"section\" data-settings=\"{&quot;background_background&quot;:&quot;classic&quot;,&quot;stretch_section&quot;:&quot;section-stretched&quot;}\">\n\t\t\t\t\t\t\t<div class=\"elementor-background-overlay\"><\/div>\n\t\t\t\t\t\t\t<div class=\"elementor-container elementor-column-gap-default\">\n\t\t\t\t\t<div class=\"elementor-column elementor-col-50 elementor-top-column elementor-element elementor-element-cdfd253\" data-id=\"cdfd253\" data-element_type=\"column\">\n\t\t\t<div class=\"elementor-widget-wrap elementor-element-populated\">\n\t\t\t\t\t\t\t\t<div class=\"elementor-element elementor-element-12aea44 elementor-widget elementor-widget-heading\" data-id=\"12aea44\" data-element_type=\"widget\" data-widget_type=\"heading.default\">\n\t\t\t\t<div class=\"elementor-widget-container\">\n\t\t\t<h3 class=\"elementor-heading-title elementor-size-default\">Pol\u00edtica de <\/h3>\t\t<\/div>\n\t\t\t\t<\/div>\n\t\t\t\t<div class=\"elementor-element elementor-element-e8885e6 elementor-widget elementor-widget-heading\" data-id=\"e8885e6\" data-element_type=\"widget\" data-widget_type=\"heading.default\">\n\t\t\t\t<div class=\"elementor-widget-container\">\n\t\t\t<h3 class=\"elementor-heading-title elementor-size-default\">Inocuidad<\/h3>\t\t<\/div>\n\t\t\t\t<\/div>\n\t\t\t\t\t<\/div>\n\t\t<\/div>\n\t\t\t\t<div class=\"elementor-column elementor-col-50 elementor-top-column elementor-element elementor-element-7083cfe\" data-id=\"7083cfe\" data-element_type=\"column\">\n\t\t\t<div class=\"elementor-widget-wrap elementor-element-populated\">\n\t\t\t\t\t\t\t\t\t<\/div>\n\t\t<\/div>\n\t\t\t\t\t\t\t<\/div>\n\t\t<\/section>\n\t\t\t\t<section class=\"elementor-section elementor-top-section elementor-element elementor-element-8797c08 elementor-section-height-min-height elementor-section-full_width elementor-section-stretched elementor-section-content-middle elementor-section-height-default elementor-section-items-middle\" data-id=\"8797c08\" data-element_type=\"section\" data-settings=\"{&quot;background_background&quot;:&quot;classic&quot;,&quot;stretch_section&quot;:&quot;section-stretched&quot;}\">\n\t\t\t\t\t\t<div class=\"elementor-container elementor-column-gap-no\">\n\t\t\t\t\t<div class=\"elementor-column elementor-col-33 elementor-top-column elementor-element elementor-element-34ed9aa1\" data-id=\"34ed9aa1\" data-element_type=\"column\" data-settings=\"{&quot;background_background&quot;:&quot;classic&quot;}\">\n\t\t\t<div class=\"elementor-widget-wrap elementor-element-populated\">\n\t\t\t\t\t\t\t\t<div class=\"elementor-element elementor-element-65d70006 elementor-widget elementor-widget-image\" data-id=\"65d70006\" data-element_type=\"widget\" data-widget_type=\"image.default\">\n\t\t\t\t<div class=\"elementor-widget-container\">\n\t\t\t\t\t\t\t\t\t\t\t\t\t\t\t<img loading=\"lazy\" decoding=\"async\" width=\"1180\" height=\"1180\" src=\"https:\/\/i0.wp.com\/www.mexicanadeaditivos.com.mx\/wp-content\/uploads\/2026\/04\/insignia-globalstd-iso22000-BLACK.png?fit=1180%2C1180&amp;ssl=1\" class=\"attachment-full size-full\" alt=\"\" srcset=\"https:\/\/i0.wp.com\/www.mexicanadeaditivos.com.mx\/wp-content\/uploads\/2026\/04\/insignia-globalstd-iso22000-BLACK.png?w=1180&amp;ssl=1 1180w, https:\/\/i0.wp.com\/www.mexicanadeaditivos.com.mx\/wp-content\/uploads\/2026\/04\/insignia-globalstd-iso22000-BLACK.png?resize=300%2C300&amp;ssl=1 300w, https:\/\/i0.wp.com\/www.mexicanadeaditivos.com.mx\/wp-content\/uploads\/2026\/04\/insignia-globalstd-iso22000-BLACK.png?resize=1024%2C1024&amp;ssl=1 1024w, https:\/\/i0.wp.com\/www.mexicanadeaditivos.com.mx\/wp-content\/uploads\/2026\/04\/insignia-globalstd-iso22000-BLACK.png?resize=150%2C150&amp;ssl=1 150w, https:\/\/i0.wp.com\/www.mexicanadeaditivos.com.mx\/wp-content\/uploads\/2026\/04\/insignia-globalstd-iso22000-BLACK.png?resize=768%2C768&amp;ssl=1 768w\" sizes=\"auto, (max-width: 1170px) 100vw, 1170px\" \/>\t\t\t\t\t\t\t\t\t\t\t\t\t\t\t<\/div>\n\t\t\t\t<\/div>\n\t\t\t\t\t<\/div>\n\t\t<\/div>\n\t\t\t\t<div class=\"elementor-column elementor-col-33 elementor-top-column elementor-element elementor-element-06cfb1c\" data-id=\"06cfb1c\" data-element_type=\"column\">\n\t\t\t<div class=\"elementor-widget-wrap elementor-element-populated\">\n\t\t\t\t\t\t\t\t<div class=\"elementor-element elementor-element-4b759da elementor-widget elementor-widget-image\" data-id=\"4b759da\" data-element_type=\"widget\" data-widget_type=\"image.default\">\n\t\t\t\t<div class=\"elementor-widget-container\">\n\t\t\t\t\t\t\t\t\t\t\t\t\t\t\t<img loading=\"lazy\" decoding=\"async\" width=\"1301\" height=\"1299\" src=\"https:\/\/i0.wp.com\/www.mexicanadeaditivos.com.mx\/wp-content\/uploads\/2026\/04\/insignia-globalstd-iso22000-RED.png?fit=1301%2C1299&amp;ssl=1\" class=\"attachment-full size-full\" alt=\"\" srcset=\"https:\/\/i0.wp.com\/www.mexicanadeaditivos.com.mx\/wp-content\/uploads\/2026\/04\/insignia-globalstd-iso22000-RED.png?w=1301&amp;ssl=1 1301w, https:\/\/i0.wp.com\/www.mexicanadeaditivos.com.mx\/wp-content\/uploads\/2026\/04\/insignia-globalstd-iso22000-RED.png?resize=300%2C300&amp;ssl=1 300w, https:\/\/i0.wp.com\/www.mexicanadeaditivos.com.mx\/wp-content\/uploads\/2026\/04\/insignia-globalstd-iso22000-RED.png?resize=1024%2C1022&amp;ssl=1 1024w, https:\/\/i0.wp.com\/www.mexicanadeaditivos.com.mx\/wp-content\/uploads\/2026\/04\/insignia-globalstd-iso22000-RED.png?resize=150%2C150&amp;ssl=1 150w, https:\/\/i0.wp.com\/www.mexicanadeaditivos.com.mx\/wp-content\/uploads\/2026\/04\/insignia-globalstd-iso22000-RED.png?resize=768%2C767&amp;ssl=1 768w\" sizes=\"auto, (max-width: 1170px) 100vw, 1170px\" \/>\t\t\t\t\t\t\t\t\t\t\t\t\t\t\t<\/div>\n\t\t\t\t<\/div>\n\t\t\t\t\t<\/div>\n\t\t<\/div>\n\t\t\t\t<div class=\"elementor-column elementor-col-33 elementor-top-column elementor-element elementor-element-5ccb60f5\" data-id=\"5ccb60f5\" data-element_type=\"column\" data-settings=\"{&quot;background_background&quot;:&quot;classic&quot;}\">\n\t\t\t<div class=\"elementor-widget-wrap elementor-element-populated\">\n\t\t\t\t\t\t\t\t<div class=\"elementor-element elementor-element-58ada32a elementor-widget elementor-widget-heading\" data-id=\"58ada32a\" data-element_type=\"widget\" data-widget_type=\"heading.default\">\n\t\t\t\t<div class=\"elementor-widget-container\">\n\t\t\t<p class=\"elementor-heading-title elementor-size-default\">En Mexicana de Aditivos Alimenticios el objetivo prioritario es la fabricaci\u00f3n de saborizantes inocuos que satisfagan las expectativas de nuestros clientes, asegurando la conformidad de los requisitos legales locales, as\u00ed como los acordados con los clientes.<br><br>Mexicana de Aditivos Alimenticios se compromete a brindar la capacitaci\u00f3n y los recursos necesarios para el cumplimiento del Sistema de Gesti\u00f3n de la Inocuidad Alimentaria, as\u00ed como mejorarlo constantemente a trav\u00e9s de la comunicaci\u00f3n efectiva con nuestros empleados, clientes, proveedores, instituciones de gobierno y todas las partes interesadas, adem\u00e1s de fomentar la conciencia y el compromiso en toda la organizaci\u00f3n sobre el impacto de nuestras acciones en la inocuidad alimentaria<\/p>\t\t<\/div>\n\t\t\t\t<\/div>\n\t\t\t\t\t<\/div>\n\t\t<\/div>\n\t\t\t\t\t\t\t<\/div>\n\t\t<\/section>\n\t\t\t\t<section class=\"elementor-section elementor-top-section elementor-element elementor-element-9416d73 elementor-section-full_width elementor-section-stretched elementor-section-height-default elementor-section-height-default\" data-id=\"9416d73\" data-element_type=\"section\" data-settings=\"{&quot;stretch_section&quot;:&quot;section-stretched&quot;}\">\n\t\t\t\t\t\t<div class=\"elementor-container elementor-column-gap-default\">\n\t\t\t\t\t<div class=\"elementor-column elementor-col-100 elementor-top-column elementor-element elementor-element-581a2e0\" data-id=\"581a2e0\" data-element_type=\"column\">\n\t\t\t<div class=\"elementor-widget-wrap elementor-element-populated\">\n\t\t\t\t\t\t\t\t<section class=\"elementor-section elementor-inner-section elementor-element elementor-element-613fd90 elementor-section-height-min-height elementor-section-full_width elementor-section-height-default\" data-id=\"613fd90\" data-element_type=\"section\">\n\t\t\t\t\t\t<div class=\"elementor-container elementor-column-gap-default\">\n\t\t\t\t\t<div class=\"elementor-column elementor-col-50 elementor-inner-column elementor-element elementor-element-c83f1e2\" data-id=\"c83f1e2\" data-element_type=\"column\">\n\t\t\t<div class=\"elementor-widget-wrap elementor-element-populated\">\n\t\t\t\t\t\t\t\t<div class=\"elementor-element elementor-element-872cb85 elementor-widget elementor-widget-image\" data-id=\"872cb85\" data-element_type=\"widget\" data-widget_type=\"image.default\">\n\t\t\t\t<div class=\"elementor-widget-container\">\n\t\t\t\t\t\t\t\t\t\t\t\t\t\t\t\t<a href=\"https:\/\/www.mexicanadeaditivos.com.mx\">\n\t\t\t\t\t\t\t<img loading=\"lazy\" decoding=\"async\" width=\"2714\" height=\"511\" src=\"https:\/\/i0.wp.com\/www.mexicanadeaditivos.com.mx\/wp-content\/uploads\/2021\/05\/logo-MAA-recorte.png?fit=2714%2C511&amp;ssl=1\" class=\"attachment-full size-full\" alt=\"\" srcset=\"https:\/\/i0.wp.com\/www.mexicanadeaditivos.com.mx\/wp-content\/uploads\/2021\/05\/logo-MAA-recorte.png?w=2714&amp;ssl=1 2714w, https:\/\/i0.wp.com\/www.mexicanadeaditivos.com.mx\/wp-content\/uploads\/2021\/05\/logo-MAA-recorte.png?resize=300%2C56&amp;ssl=1 300w, https:\/\/i0.wp.com\/www.mexicanadeaditivos.com.mx\/wp-content\/uploads\/2021\/05\/logo-MAA-recorte.png?resize=1024%2C193&amp;ssl=1 1024w, https:\/\/i0.wp.com\/www.mexicanadeaditivos.com.mx\/wp-content\/uploads\/2021\/05\/logo-MAA-recorte.png?resize=768%2C145&amp;ssl=1 768w, https:\/\/i0.wp.com\/www.mexicanadeaditivos.com.mx\/wp-content\/uploads\/2021\/05\/logo-MAA-recorte.png?resize=1536%2C289&amp;ssl=1 1536w, https:\/\/i0.wp.com\/www.mexicanadeaditivos.com.mx\/wp-content\/uploads\/2021\/05\/logo-MAA-recorte.png?resize=2048%2C386&amp;ssl=1 2048w, https:\/\/i0.wp.com\/www.mexicanadeaditivos.com.mx\/wp-content\/uploads\/2021\/05\/logo-MAA-recorte.png?w=2340&amp;ssl=1 2340w\" sizes=\"auto, (max-width: 1170px) 100vw, 1170px\" \/>\t\t\t\t\t\t\t\t<\/a>\n\t\t\t\t\t\t\t\t\t\t\t\t\t\t\t<\/div>\n\t\t\t\t<\/div>\n\t\t\t\t<div class=\"elementor-element elementor-element-ab6ec3c elementor-icon-list--layout-inline elementor-align-left elementor-tablet-align-center elementor-list-item-link-full_width elementor-widget elementor-widget-icon-list\" data-id=\"ab6ec3c\" data-element_type=\"widget\" data-widget_type=\"icon-list.default\">\n\t\t\t\t<div class=\"elementor-widget-container\">\n\t\t\t\t\t<ul class=\"elementor-icon-list-items elementor-inline-items\">\n\t\t\t\t\t\t\t<li class=\"elementor-icon-list-item elementor-inline-item\">\n\t\t\t\t\t\t\t\t\t\t\t<a href=\"https:\/\/www.facebook.com\/maasaoficial\/\" target=\"_blank\">\n\n\t\t\t\t\t\t\t\t\t\t\t\t<span class=\"elementor-icon-list-icon\">\n\t\t\t\t\t\t\t<i aria-hidden=\"true\" class=\"fab fa-facebook-f\"><\/i>\t\t\t\t\t\t<\/span>\n\t\t\t\t\t\t\t\t\t\t<span class=\"elementor-icon-list-text\"><\/span>\n\t\t\t\t\t\t\t\t\t\t\t<\/a>\n\t\t\t\t\t\t\t\t\t<\/li>\n\t\t\t\t\t\t\t\t<li class=\"elementor-icon-list-item elementor-inline-item\">\n\t\t\t\t\t\t\t\t\t\t\t<a href=\"https:\/\/www.linkedin.com\/company\/mexicana-de-aditivos-alimenticios-s-a-de-c-v-\/?viewAsMember=true\" target=\"_blank\">\n\n\t\t\t\t\t\t\t\t\t\t\t\t<span class=\"elementor-icon-list-icon\">\n\t\t\t\t\t\t\t<i aria-hidden=\"true\" class=\"fab fa-linkedin-in\"><\/i>\t\t\t\t\t\t<\/span>\n\t\t\t\t\t\t\t\t\t\t<span class=\"elementor-icon-list-text\"><\/span>\n\t\t\t\t\t\t\t\t\t\t\t<\/a>\n\t\t\t\t\t\t\t\t\t<\/li>\n\t\t\t\t\t\t<\/ul>\n\t\t\t\t<\/div>\n\t\t\t\t<\/div>\n\t\t\t\t\t<\/div>\n\t\t<\/div>\n\t\t\t\t<div class=\"elementor-column elementor-col-50 elementor-inner-column elementor-element elementor-element-df797be\" data-id=\"df797be\" data-element_type=\"column\">\n\t\t\t<div class=\"elementor-widget-wrap elementor-element-populated\">\n\t\t\t\t\t\t\t\t<div class=\"elementor-element elementor-element-a316fda elementor-widget elementor-widget-text-editor\" data-id=\"a316fda\" data-element_type=\"widget\" data-widget_type=\"text-editor.default\">\n\t\t\t\t<div class=\"elementor-widget-container\">\n\t\t\t\t\t\t\t<p>\u00a0<\/p><p><span style=\"color: #9aa8ba;\"><strong>Tel:<\/strong><\/span>(55) 5577 3391 \/ (55) 5781 4574<\/p><p><span style=\"color: #9aa8ba;\"><strong>Email: <\/strong><a href=\"mailto:ventas@mexicanadeaditivos.com.mx\">ventas@mexicanadeaditivos.com.mx<\/a><\/span><\/p>\t\t\t\t\t\t<\/div>\n\t\t\t\t<\/div>\n\t\t\t\t<div class=\"elementor-element elementor-element-82459bf elementor-widget elementor-widget-text-editor\" data-id=\"82459bf\" data-element_type=\"widget\" data-widget_type=\"text-editor.default\">\n\t\t\t\t<div class=\"elementor-widget-container\">\n\t\t\t\t\t\t\t\t\t\t\t\t\t<\/div>\n\t\t\t\t<\/div>\n\t\t\t\t\t<\/div>\n\t\t<\/div>\n\t\t\t\t\t\t\t<\/div>\n\t\t<\/section>\n\t\t\t\t\t<\/div>\n\t\t<\/div>\n\t\t\t\t\t\t\t<\/div>\n\t\t<\/section>\n\t\t\t\t\t\t<\/div>\n\t\t\t\t\t<\/div>\n\t\t","protected":false},"excerpt":{"rendered":"<p>Pol\u00edtica de Inocuidad En Mexicana de Aditivos Alimenticios el objetivo prioritario es la fabricaci\u00f3n de saborizantes inocuos que satisfagan las expectativas de nuestros clientes, asegurando la conformidad de los requisitos&hellip;<\/p>\n","protected":false},"author":1,"featured_media":0,"parent":0,"menu_order":0,"comment_status":"closed","ping_status":"closed","template":"","meta":{"spay_email":"","footnotes":""},"class_list":["post-325","page","type-page","status-publish","hentry"],"yoast_head":"<!-- This site is optimized with the Yoast SEO plugin v18.3 - https:\/\/yoast.com\/wordpress\/plugins\/seo\/ -->\n<title>Pol\u00edtica de Inocuidad -<\/title>\n<meta name=\"robots\" content=\"index, follow, max-snippet:-1, max-image-preview:large, max-video-preview:-1\" \/>\n<link rel=\"canonical\" href=\"https:\/\/www.mexicanadeaditivos.com.mx\/index.php\/politica-de-inocuidad\/\" \/>\n<meta property=\"og:locale\" content=\"es_ES\" \/>\n<meta property=\"og:type\" content=\"article\" \/>\n<meta property=\"og:title\" content=\"Pol\u00edtica de Inocuidad -\" \/>\n<meta property=\"og:description\" content=\"Pol\u00edtica de Inocuidad En Mexicana de Aditivos Alimenticios el objetivo prioritario es la fabricaci\u00f3n de saborizantes inocuos que satisfagan las expectativas de nuestros clientes, asegurando la conformidad de los requisitos&hellip;\" \/>\n<meta property=\"og:url\" content=\"https:\/\/www.mexicanadeaditivos.com.mx\/index.php\/politica-de-inocuidad\/\" \/>\n<meta property=\"article:modified_time\" content=\"2026-04-22T23:34:17+00:00\" \/>\n<meta property=\"og:image\" content=\"https:\/\/www.mexicanadeaditivos.com.mx\/wp-content\/uploads\/2026\/04\/insignia-globalstd-iso22000-BLACK.png\" \/>\n<meta name=\"twitter:card\" content=\"summary_large_image\" \/>\n<meta name=\"twitter:label1\" content=\"Tiempo de lectura\" \/>\n\t<meta name=\"twitter:data1\" content=\"1 minuto\" \/>\n<script type=\"application\/ld+json\" class=\"yoast-schema-graph\">{\"@context\":\"https:\/\/schema.org\",\"@graph\":[{\"@type\":\"Organization\",\"@id\":\"https:\/\/www.mexicanadeaditivos.com.mx\/#organization\",\"name\":\"Mexicana de Aditivos\",\"url\":\"https:\/\/www.mexicanadeaditivos.com.mx\/\",\"sameAs\":[],\"logo\":{\"@type\":\"ImageObject\",\"@id\":\"https:\/\/www.mexicanadeaditivos.com.mx\/#logo\",\"inLanguage\":\"es\",\"url\":\"https:\/\/i0.wp.com\/mexicanadeaditivos.com.mx\/wp-content\/uploads\/2021\/05\/logo-MAA-recorte.png?fit=2714%2C511&ssl=1\",\"contentUrl\":\"https:\/\/i0.wp.com\/mexicanadeaditivos.com.mx\/wp-content\/uploads\/2021\/05\/logo-MAA-recorte.png?fit=2714%2C511&ssl=1\",\"width\":2714,\"height\":511,\"caption\":\"Mexicana de Aditivos\"},\"image\":{\"@id\":\"https:\/\/www.mexicanadeaditivos.com.mx\/#logo\"}},{\"@type\":\"WebSite\",\"@id\":\"https:\/\/www.mexicanadeaditivos.com.mx\/#website\",\"url\":\"https:\/\/www.mexicanadeaditivos.com.mx\/\",\"name\":\"\",\"description\":\"\",\"publisher\":{\"@id\":\"https:\/\/www.mexicanadeaditivos.com.mx\/#organization\"},\"potentialAction\":[{\"@type\":\"SearchAction\",\"target\":{\"@type\":\"EntryPoint\",\"urlTemplate\":\"https:\/\/www.mexicanadeaditivos.com.mx\/?s={search_term_string}\"},\"query-input\":\"required name=search_term_string\"}],\"inLanguage\":\"es\"},{\"@type\":\"ImageObject\",\"@id\":\"https:\/\/www.mexicanadeaditivos.com.mx\/index.php\/politica-de-inocuidad\/#primaryimage\",\"inLanguage\":\"es\",\"url\":\"https:\/\/i0.wp.com\/www.mexicanadeaditivos.com.mx\/wp-content\/uploads\/2026\/04\/insignia-globalstd-iso22000-BLACK.png?fit=1180%2C1180&ssl=1\",\"contentUrl\":\"https:\/\/i0.wp.com\/www.mexicanadeaditivos.com.mx\/wp-content\/uploads\/2026\/04\/insignia-globalstd-iso22000-BLACK.png?fit=1180%2C1180&ssl=1\",\"width\":1180,\"height\":1180},{\"@type\":\"WebPage\",\"@id\":\"https:\/\/www.mexicanadeaditivos.com.mx\/index.php\/politica-de-inocuidad\/#webpage\",\"url\":\"https:\/\/www.mexicanadeaditivos.com.mx\/index.php\/politica-de-inocuidad\/\",\"name\":\"Pol\u00edtica de Inocuidad -\",\"isPartOf\":{\"@id\":\"https:\/\/www.mexicanadeaditivos.com.mx\/#website\"},\"primaryImageOfPage\":{\"@id\":\"https:\/\/www.mexicanadeaditivos.com.mx\/index.php\/politica-de-inocuidad\/#primaryimage\"},\"datePublished\":\"2021-06-30T21:23:39+00:00\",\"dateModified\":\"2026-04-22T23:34:17+00:00\",\"breadcrumb\":{\"@id\":\"https:\/\/www.mexicanadeaditivos.com.mx\/index.php\/politica-de-inocuidad\/#breadcrumb\"},\"inLanguage\":\"es\",\"potentialAction\":[{\"@type\":\"ReadAction\",\"target\":[\"https:\/\/www.mexicanadeaditivos.com.mx\/index.php\/politica-de-inocuidad\/\"]}]},{\"@type\":\"BreadcrumbList\",\"@id\":\"https:\/\/www.mexicanadeaditivos.com.mx\/index.php\/politica-de-inocuidad\/#breadcrumb\",\"itemListElement\":[{\"@type\":\"ListItem\",\"position\":1,\"name\":\"Portada\",\"item\":\"https:\/\/www.mexicanadeaditivos.com.mx\/\"},{\"@type\":\"ListItem\",\"position\":2,\"name\":\"Pol\u00edtica de Inocuidad\"}]}]}<\/script>\n<!-- \/ Yoast SEO plugin. -->","yoast_head_json":{"title":"Pol\u00edtica de Inocuidad -","robots":{"index":"index","follow":"follow","max-snippet":"max-snippet:-1","max-image-preview":"max-image-preview:large","max-video-preview":"max-video-preview:-1"},"canonical":"https:\/\/www.mexicanadeaditivos.com.mx\/index.php\/politica-de-inocuidad\/","og_locale":"es_ES","og_type":"article","og_title":"Pol\u00edtica de Inocuidad -","og_description":"Pol\u00edtica de Inocuidad En Mexicana de Aditivos Alimenticios el objetivo prioritario es la fabricaci\u00f3n de saborizantes inocuos que satisfagan las expectativas de nuestros clientes, asegurando la conformidad de los requisitos&hellip;","og_url":"https:\/\/www.mexicanadeaditivos.com.mx\/index.php\/politica-de-inocuidad\/","article_modified_time":"2026-04-22T23:34:17+00:00","og_image":[{"url":"https:\/\/www.mexicanadeaditivos.com.mx\/wp-content\/uploads\/2026\/04\/insignia-globalstd-iso22000-BLACK.png"}],"twitter_card":"summary_large_image","twitter_misc":{"Tiempo de lectura":"1 minuto"},"schema":{"@context":"https:\/\/schema.org","@graph":[{"@type":"Organization","@id":"https:\/\/www.mexicanadeaditivos.com.mx\/#organization","name":"Mexicana de Aditivos","url":"https:\/\/www.mexicanadeaditivos.com.mx\/","sameAs":[],"logo":{"@type":"ImageObject","@id":"https:\/\/www.mexicanadeaditivos.com.mx\/#logo","inLanguage":"es","url":"https:\/\/i0.wp.com\/mexicanadeaditivos.com.mx\/wp-content\/uploads\/2021\/05\/logo-MAA-recorte.png?fit=2714%2C511&ssl=1","contentUrl":"https:\/\/i0.wp.com\/mexicanadeaditivos.com.mx\/wp-content\/uploads\/2021\/05\/logo-MAA-recorte.png?fit=2714%2C511&ssl=1","width":2714,"height":511,"caption":"Mexicana de Aditivos"},"image":{"@id":"https:\/\/www.mexicanadeaditivos.com.mx\/#logo"}},{"@type":"WebSite","@id":"https:\/\/www.mexicanadeaditivos.com.mx\/#website","url":"https:\/\/www.mexicanadeaditivos.com.mx\/","name":"","description":"","publisher":{"@id":"https:\/\/www.mexicanadeaditivos.com.mx\/#organization"},"potentialAction":[{"@type":"SearchAction","target":{"@type":"EntryPoint","urlTemplate":"https:\/\/www.mexicanadeaditivos.com.mx\/?s={search_term_string}"},"query-input":"required name=search_term_string"}],"inLanguage":"es"},{"@type":"ImageObject","@id":"https:\/\/www.mexicanadeaditivos.com.mx\/index.php\/politica-de-inocuidad\/#primaryimage","inLanguage":"es","url":"https:\/\/i0.wp.com\/www.mexicanadeaditivos.com.mx\/wp-content\/uploads\/2026\/04\/insignia-globalstd-iso22000-BLACK.png?fit=1180%2C1180&ssl=1","contentUrl":"https:\/\/i0.wp.com\/www.mexicanadeaditivos.com.mx\/wp-content\/uploads\/2026\/04\/insignia-globalstd-iso22000-BLACK.png?fit=1180%2C1180&ssl=1","width":1180,"height":1180},{"@type":"WebPage","@id":"https:\/\/www.mexicanadeaditivos.com.mx\/index.php\/politica-de-inocuidad\/#webpage","url":"https:\/\/www.mexicanadeaditivos.com.mx\/index.php\/politica-de-inocuidad\/","name":"Pol\u00edtica de Inocuidad -","isPartOf":{"@id":"https:\/\/www.mexicanadeaditivos.com.mx\/#website"},"primaryImageOfPage":{"@id":"https:\/\/www.mexicanadeaditivos.com.mx\/index.php\/politica-de-inocuidad\/#primaryimage"},"datePublished":"2021-06-30T21:23:39+00:00","dateModified":"2026-04-22T23:34:17+00:00","breadcrumb":{"@id":"https:\/\/www.mexicanadeaditivos.com.mx\/index.php\/politica-de-inocuidad\/#breadcrumb"},"inLanguage":"es","potentialAction":[{"@type":"ReadAction","target":["https:\/\/www.mexicanadeaditivos.com.mx\/index.php\/politica-de-inocuidad\/"]}]},{"@type":"BreadcrumbList","@id":"https:\/\/www.mexicanadeaditivos.com.mx\/index.php\/politica-de-inocuidad\/#breadcrumb","itemListElement":[{"@type":"ListItem","position":1,"name":"Portada","item":"https:\/\/www.mexicanadeaditivos.com.mx\/"},{"@type":"ListItem","position":2,"name":"Pol\u00edtica de Inocuidad"}]}]}},"_links":{"self":[{"href":"https:\/\/www.mexicanadeaditivos.com.mx\/index.php\/wp-json\/wp\/v2\/pages\/325","targetHints":{"allow":["GET"]}}],"collection":[{"href":"https:\/\/www.mexicanadeaditivos.com.mx\/index.php\/wp-json\/wp\/v2\/pages"}],"about":[{"href":"https:\/\/www.mexicanadeaditivos.com.mx\/index.php\/wp-json\/wp\/v2\/types\/page"}],"author":[{"embeddable":true,"href":"https:\/\/www.mexicanadeaditivos.com.mx\/index.php\/wp-json\/wp\/v2\/users\/1"}],"replies":[{"embeddable":true,"href":"https:\/\/www.mexicanadeaditivos.com.mx\/index.php\/wp-json\/wp\/v2\/comments?post=325"}],"version-history":[{"count":34,"href":"https:\/\/www.mexicanadeaditivos.com.mx\/index.php\/wp-json\/wp\/v2\/pages\/325\/revisions"}],"predecessor-version":[{"id":696,"href":"https:\/\/www.mexicanadeaditivos.com.mx\/index.php\/wp-json\/wp\/v2\/pages\/325\/revisions\/696"}],"wp:attachment":[{"href":"https:\/\/www.mexicanadeaditivos.com.mx\/index.php\/wp-json\/wp\/v2\/media?parent=325"}],"curies":[{"name":"wp","href":"https:\/\/api.w.org\/{rel}","templated":true}]}}